 in base 3?
-2212002221110
Convert -318a (base 14) to base 3.
-102201200
What is -493727 (base 10) in base 9?
-832235
What is -9f6ee (base 16) in base 9?
-1204717
What is 2113210 (base 4) in base 3?
111022021
-11000000000001001100110 (base 2) to base 4
-120000021212
Convert 101111001000110101 (base 2) to base 14.
50513
What is 51233044 (base 6) in base 15?
1de787
Convert -46ab9 (base 12) to base 13.
-34266
What is -6c5a (base 16) in base 14?
-a174
Convert -14140 (base 7) to base 9.
-5247
What is -10100000011101111 (base 2) in base 11?
-56800
What is aa87b (base 12) in base 6?
4501435
What is -23b51 (base 15) in base 10?
-113926
Convert 440611 (base 7) to base 3.
10220210211
2692589 (base 10) to base 15
382c0e
Convert 150375 (base 8) to base 4.
31003331
What is 163386 (base 11) in base 3?
110212112020
What is 10001213310 (base 4) in base 6?
34341140
Convert -101460 (base 9) to base 3.
-10001112000
-16b9c (base 16) to base 6
-1554540
Convert 221122200201 (base 3) to base 4.
1323102031
Convert -2240311 (base 8) to base 11.
-384671
Convert -1101101011001000001 (base 2) to base 12.
-197369
What is 1330527 (base 13) in base 2?
10110111111011111110001
660bb (base 14) to base 13
88638
What is -140032032 (base 5) in base 6?
-23041043
2001000111202 (base 3) to base 12
442848
What is 177502 (base 8) in base 15?
14566
Convert 15a7605 (base 11) to base 10.
2733274
What is 25940 (base 15) in base 13?
4293c
189624 (base 12) to base 14
b31b6
What is -7010033 (base 11) in base 8?
-57271164
Convert 546e0d (base 16) to base 7.
65013525
What is 12a7c (base 13) in base 3?
1202122222
What is -1001010000000 (base 2) in base 7?
-16544
What is 832929 (base 10) in base 6?
25504053
Convert 3320201 (base 4) to base 3.
210211002
What is 2345313 (base 6) in base 15?
266b6
Convert -1100011001101110101 (base 2) to base 14.
-a815b
What is -103110112113 (base 4) in base 8?
-23242627
What is 21201753 (base 8) in base 14?
85a467
-141220112 (base 5) to base 12
-2b0376
Convert -20767023 (base 9) to base 15.
-d30016
-8c1610 (base 14) to base 11
-27669a8
Convert -60010 (base 12) to base 7.
-1025523
Convert -345304354 (base 6) to base 15.
-86b171
Convert -341432 (base 6) to base 16.
-70dc
-254124525 (base 6) to base 7
-60063536
Convert 41202 (base 7) to base 6.
114303
Convert 25114 (base 10) to base 5.
1300424
What is -63ca9a (base 13) in base 3?
-11101222002202
333432323 (base 5) to base 10
1467838
Convert 124022202 (base 5) to base 14.
11c8d9
22133302013 (base 4) to base 2
1010011111110010000111
Convert 4463708 (base 9) to base 13.
66234b
Convert -89263a (base 12) to base 7.
-24354325
-60572 (base 10) to base 5
-3414242
Convert -1763742 (base 9) to base 12.
-3b7192
-1121102110121 (base 3) to base 2
-11010000101011001000
-12cfd4 (base 16) to base 11
-772295
Convert -40261136 (base 7) to base 11.
-1983398
51446 (base 12) to base 2
11001111000110110
-15b104 (base 12) to base 7
-3105403
Convert 303036 (base 8) to base 3.
12001222220
Convert -1604898 (base 10) to base 14.
-2dac38
What is -1066777 (base 9) in base 10?
-575818
Convert -1441173 (base 8) to base 10.
-410235
-89831 (base 10) to base 2
-10101111011100111
2316265 (base 9) to base 13
34a660
Convert 132033313313 (base 4) to base 10.
7929335
Convert -203462 (base 8) to base 4.
-100130302
Convert -240eb (base 15) to base 14.
-2dc83
32ba638 (base 12) to base 11
55271aa
-3883362 (base 11) to base 2
-11001101001110000100011
What is b3a88 (base 13) in base 5?
40310224
What is -104323113 (base 6) in base 14?
-373b5b
-3219062 (base 10) to base 4
-30101321312
Convert -34082554 (base 9) to base 12.
-5651527
What is -20623120 (base 8) in base 16?
-432650
Convert -406091 (base 14) to base 13.
-5ab997
What is -b02631 (base 12) in base 16?
-29d505
What is -a2944b (base 12) in base 16?
-26d93b
What is -1651656 (base 9) in base 3?
-1201201201220
-1213423 (base 6) to base 15
-140c6
5515345 (base 6) to base 8
1030361
Convert 20c380 (base 14) to base 13.
2cab9c
Convert 5021822 (base 9) to base 12.
a8a178
What is 202033132 (base 4) in base 10?
140254
Convert -10653446 (base 7) to base 9.
-1678182
What is 1012121103321 (base 4) in base 10?
18453753
-417738 (base 9) to base 14
-66794
-704a7 (base 11) to base 16
-192b0
-7a56 (base 16) to base 4
-13221112
Convert 326f4e (base 16) to base 8.
14467516
What is -724111 (base 10) in base 15?
-e4841
What is 204142502 (base 6) in base 2?
1101100101000000000110
132202111111 (base 4) to base 2
11110100010010101010101
-bc58f8 (base 16) to base 3
-212020010011022
3555304 (base 6) to base 15
3a3ea
Convert -97d9bb (base 14) to base 8.
-23504461
1001000101001101101110 (base 2) to base 16
24536e
Convert -263672 (base 8) to base 9.
-150282
13014443302 (base 5) to base 16
f0ccd5
Convert -3b424a (base 12) to base 7.
-11226352
-12455 (base 11) to base 4
-10112313
Convert -2503430 (base 6) to base 3.
-20202110000
-1a8db (base 16) to base 14
-2b8cb
What is 430063 (base 8) in base 2?
100011000000110011
9d8064 (base 14) to base 16
51d0c8
What is -6558528 (base 10) in base 15?
-898403
-10567862 (base 10) to base 9
-21786338
Convert -10022323312 (base 4) to base 12.
-44889a
What is 20000022011 (base 3) in base 12?
5857a
What is -532330 (base 6) in base 16?
-a93e
-198283 (base 11) to base 6
-10302253
What is 258014 (base 16) in base 5?
1112120440
10000101101010000 (base 2) to base 11
47461
427ab8 (base 14) to base 7
25056121
-4b1b65 (base 12) to base 2
-100101011100000111101
Convert ab7673 (base 13) to base 4.
33123031010
288877 (base 9) to base 16
2b3f0
Convert -40472a (base 14) to base 6.
-114213014
Convert -41342341 (base 5) to base 3.
-122021212102
Convert 8739 (base 16) to base 4.
20130321
What is -12324423 (base 5) in base 13?
-42b8c
-6340b (base 12) to base 8
-376213
Convert 699880 (base 11) to base 2.
100001111010001000110
-38ba2 (base 14) to base 16
-220ea
What is 2421530 (base 6) in base 5?
13034142
-275b0a (base 12) to base 4
-2133123322
31427030 (base 8) to base 6
355310104
What is -53325 (base 6) in base 14?
-2901
What is 470650 (base 8) in base 7?
1234651
What is 724365 (base 16) in base 7?
120435642
What is 110221110121000 (base 3) in base 6?
403233043
What is 3041651 (base 8) in base 3?
1111211112122
Convert -21529 (base 15) to base 12.
-51279
Convert 397b68 (base 12) to base 7.
11022404
What is 1342415 (base 7) in base 14?
4910c
Convert -256616 (base 9) to base 14.
-40ab0
What is 10001110000100010 (base 2) in base 14?
1c718
-103231000 (base 4) to base 13
-2a970
Convert 1102350 (base 8) to base 10.
296168
Convert 152c1 (base 15) to base 8.
205043
-4fd49 (base 16) to base 13
-b5aa9
What is -517753 (base 10) in base 15?
-a361d
Convert 283418 (base 11) to base 5.
103144401
What is -414420143 (base 5) in base 9?
-3206152
-124106 (base 9) to base 14
-1d578
324033131 (base 5) to base 2
101010100000100010100
Convert 12989813 (base 10) to base 3.
220102221200012
What is 8785801 (base 9) in base 8?
22005765
65e4 (base 16) to base 14
9712
-3081224 (base 9) to base 5
-410211344
Convert -1222010111 (base 3) to base 16.
-974b
Convert -b78a1 (base 16) to base 8.
-2674241
Convert 424017 (base 8) to base 9.
234770
Convert 224031031 (base 6) to base 16.
3eb61b
2205203 (base 7) to base 9
452328
929b5 (base 12) to base 11
120983
Convert -1513552 (base 6) to base 15.
-1aeb2
-100111011110001111000 (base 2) to base 6
-43420040
Convert -351645 (base 9) to base 14.
-56d84
-2283218 (base 10) to base 3
-11021222222122
112444 (base 9) to base 4
100131220
Convert 10566526 (base 8) to base 15.
30333c
Convert -647562 (base 8) to base 4.
-310331302
15b935 (base 12) to base 16
5b079
Convert -4c8d (base 14) to base 5.
-412303
44107 (base 13) to base 7
1022131
What is -1000000001101000101111011 (base 2) in base 10?
-16830843
What is -299b74 (base 12) in base 2?
-10101011010001001000
Convert 32910 (base 12) to base 5.
4120342
What is 2021210010011 (base 3) in base 7?
13223233
-10121012200211 (base 3) to base 12
-783364
Convert 1164231 (base 7) to base 12.
73016
-1505801 (base 9) to base 2
-11001010111000000100
114515134 (base 7) to base 12
2488111
Convert -4521120 (base 6) to base 8.
-676010
What is -164223 (base 12) in base 3?
-201022220200
What is -87fb (base 16) in base 9?
-52668
-200111000 (base 3) to base 13
-6195
-89ba4 (base 13) to ba